t d(u) = -u**3 - 14*u**2 - 4*u - 8. Calculate d(-14).
48
Let o(l) = -19*l**2 + 1. Calculate o(1).
-18
Let s(v) = -v**2 + 4*v + 2. Calculate s(6).
-10
Let n(d) = 2*d**3 + 12*d**2 + 5*d - 19. What is n(-5)?
6
Let a(r) = -r**2 - 6*r - 5. Determine a(-7).
-12
Let z(v) = v**3 + 17*v**2 + 34*v + 68. Give z(-15).
8
Let z(s) = s + 39. Give z(-18).
21
Let o(l) = l**2 + 9*l - 26. Give o(-10).
-16
Let q(k) = 2*k**3 - 3*k**2 - 7. What is q(2)?
-3
Let b(z) = z**2 - 11*z - 2. What is b(10)?
-12
Let b(g) = g**3 - 9*g**2 - 9*g - 12. Calculate b(10).
-2
Let q(f) = 9*f + 31. What is q(-4)?
-5
Let p(f) = f**3 + 7*f**2 - 4*f + 18. Give p(-8).
-14
Let u(d) = -4*d - 16. Give u(-11).
28
Let r(b) = -4*b**2 + 1. Determine r(1).
-3
Let a(u) = u**2 - 7*u + 2. What is a(6)?
-4
Let v(m) = m**3 + 24*m**2 - 2*m - 50. Calculate v(-24).
-2
Let j(f) = -5*f**3 + 2*f**2 - 4*f + 1. Give j(1).
-6
Let z(x) = 35*x + 1. What is z(1)?
36
Let j(z) = 13*z - 3. Calculate j(-2).
-29
Let a(f) = 72*f**2 + 2*f + 2. Determine a(-1).
72
Let d(q) = -3*q**2 + 2*q + 8. What is d(-3)?
-25
Let z(s) = s**2 - 31*s - 2. What is z(31)?
-2
Let y(z) = z**3 - 26*z**2 + 2*z - 22. Determine y(26).
30
Let q(c) = -148*c**2 - c - 2. Give q(-1).
-149
Let x(w) = w**2 - 18*w + 63. What is x(5)?
-2
Let y(c) = -c**2 + 9*c - 15. What is y(9)?
-15
Let i(d) = -2*d**3 - 13*d**2 + 16*d + 67. What is i(-7)?
4
Let j(s) = -s**3 - 14*s**2 + 18*s + 48. Give j(-15).
3
Let b(y) = 19*y + 3. Calculate b(0).
3
Let v(i) = 3*i**2 + 10*i + 1. Give v(5).
126
Let l(n) = -n + 14. Give l(17).
-3
Let n(h) = h + 29. Give n(-9).
20
Let u(l) = -2*l + 26. What is u(-10)?
46
Let v(r) = -9*r - 3. Give v(-2).
15
Let x(d) = -d**3 - 15*d**2 + 2*d + 22. What is x(-15)?
-8
Let a(h) = -3*h + 12. What is a(7)?
-9
Let n(c) = c - 2. What is n(-2)?
-4
Let g(j) = j**2 - 11*j - 5. Give g(-2).
21
Let r(d) = -d - 5. Determine r(-9).
4
Let o(f) = 7*f + 1. Calculate o(5).
36
Let j(u) = 36*u - 76. Calculate j(2).
-4
Let u(y) = -5*y + 111. Calculate u(24).
-9
Let s(i) = i**3 - 18*i**2 + 21*i + 7. Give s(16).
-169
Let p(f) = -2*f**2 + 5*f - 16. Calculate p(0).
-16
Let m(f) = 3*f**3 - 2*f**2 - 3*f - 2. Give m(-1).
-4
Let j(h) = -h**3 - 9*h**2 - 8*h. Calculate j(-8).
0
Let z(g) = 43*g - 214. Determine z(5).
1
Let a(c) = -c**3 + 4*c + 3. Determine a(-2).
3
Let y(n) = -37*n + 16. Give y(1).
-21
Let u(l) = -l**2 + 7*l - 2. Determine u(6).
4
Let y(i) = -i**2 - 10*i + 6. Calculate y(-11).
-5
Let l(g) = -88*g**3 - 2*g**2 + g - 2. Calculate l(1).
-91
Let f(k) = 9*k**2 + 42*k - 22. Calculate f(-5).
-7
Let m(j) = 3*j + 26. Give m(-19).
-31
Let z(n) = -7*n + 4. Give z(-9).
67
Let w(b) = b**3 - 9*b**2 + 8*b + 10. Determine w(8).
10
Let u(t) = 12*t**2 - 3*t - 2. What is u(-1)?
13
Let r(p) = p**3 + 8*p**2 - 7*p + 5. Determine r(-9).
-13
Let y(x) = x**2 - 8*x - 1. What is y(11)?
32
Let j(t) = t**3 - 5*t + 22. Give j(0).
22
Let k(n) = n**2 + 6*n - 7. Give k(-8).
9
Let v(i) = 6*i**2 + 2*i + 6. What is v(3)?
66
Let n(b) = -3*b**3 - 3*b - 1. Determine n(-2).
29
Let w(h) = -3*h - 36. What is w(-15)?
9
Let x(r) = -r**2 + 4*r + 151. Calculate x(13).
34
Let c(m) = 33*m - 129. Determine c(4).
3
Let s(z) = -9*z - 37. Give s(-4).
-1
Let p(k) = -k**3 - 4*k**2 + 6*k + 7. Calculate p(-4).
-17
Let v(w) = -w**3 + 4*w**2 + 5*w + 8. Give v(6).
-34
Let t(m) = 6*m**3 + 12*m**2 + 2*m - 1. Give t(-2).
-5
Let z(x) = -x**3 + 48*x**2 - 178*x + 75. Calculate z(44).
-13
Let q(v) = v + 10. Give q(-10).
0
Let y(b) = b**2 + 4*b + 3. Give y(-4).
3
Let m(q) = 3*q - 40. Calculate m(15).
5
Let q(u) = 87*u**2 + 177*u - 2. Determine q(-2).
-8
Let z(b) = 4*b + 7. What is z(7)?
35
Let o(u) = 4*u - 6. What is o(-6)?
-30
Let l(j) = -j + 17. Determine l(9).
8
Let t(q) = q - 25. Give t(14).
-11
Let m(o) = -o**3 + 6*o**2 - 2*o + 4. Determine m(3).
25
Let j(m) = m**2 - 4*m + 2. Give j(7).
23
Let m(k) = 24*k - 89. Give m(4).
7
Let n(m) = m**3 + 8*m**2 + 3*m + 20. Give n(-7).
48
Let r(o) = o**2 + 12*o - 15. What is r(-11)?
-26
Let a(h) = h**3 + 4*h**2 + 6. Calculate a(0).
6
Let r(b) = b**3 - 10*b**2 - 17*b + 42. Give r(11).
-24
Let m(o) = -o**3 + 5*o**2 + 6*o - 6. What is m(6)?
-6
Let q(b) = -b**3 - 7*b**2 + 2*b + 9. Give q(-7).
-5
Let s(f) = -2*f - 28. Calculate s(-6).
-16
Let y(s) = 2*s - 18. What is y(5)?
-8
Let y(s) = -2*s**2 + 13*s - 8. Determine y(5).
7
Let p(x) = -x**3 + 7*x**2 + 4*x + 12. Give p(7).
40
Let g(x) = x. What is g(0)?
0
Let f(t) = 13*t - 4. Give f(3).
35
Let f(t) = -t**3 - 5*t**2 + 20*t - 5. Give f(-8).
27
Let c(m) = 4*m**2 - 5*m - 4. Give c(4).
40
Let j(i) = -5*i**2 - i - 2. What is j(-1)?
-6
Let a(f) = -30*f + 3. What is a(2)?
-57
Let n(b) = -b**2 + 6*b - 7. Calculate n(5).
-2
Let t(a) = 8*a - 76. Determine t(13).
28
Let g(t) = -2*t + 26. Calculate g(11).
4
Let o(l) = -2*l - 14. Determine o(-8).
2
Let z(l) = l**2 - 8*l - 1. Give z(6).
-13
Let j(z) = z**2 + 32*z + 32. What is j(-31)?
1
Let o(z) = 2*z**3 - 16*z**2 - 4. Determine o(8).
-4
Let j(d) = d**3 - 30*d**2 - d + 29. Determine j(30).
-1
Let v(i) = -4*i + 8. Calculate v(7).
-20
Let c(d) = 2*d**2 + 47*d - 19. Calculate c(-24).
5
Let d(m) = m**3 + 13*m**2 + 33*m - 27. Determine d(-9).
0
Let a(l) = 25*l + 18. Calculate a(-6).
-132
Let q(x) = -3*x + 14. Give q(10).
-16
Let a(q) = -2*q + 1. Calculate a(4).
-7
Let m(f) = 3*f - 2. Give m(8).
22
Let w(l) = -l**2 - l + 47. Give w(0).
47
Let c(h) = -20*h + 3. Give c(1).
-17
Let a(q) = -5*q**3 - 2*q**2 + 3. Give a(-2).
35
Let m(r) = -r**2 + 4. Calculate m(0).
4
Let k(u) = u - 90. Determine k(32).
-58
Let l(i) = -27*i - 119. What is l(-4)?
-11
Let h(c) = -12*c - 4. Give h(-1).
8
Let t(y) = y**3 - 15*y**2 + 14*y + 14. Give t(14).
14
Let y(r) = -r**3 - 6*r**2 - 8*r + 16. Give y(-7).
121
Let x(v) = -3*v**2 - 9*v - 11. Give x(-3).
-11
Let f(d) = d**2 + 41*d + 369. Calculate f(-13).
5
Let p(y) = y**3 - 6*y**2 + 3*y - 3. Determine p(6).
15
Let u(s) = 18*s**2 - 2*s + 3. Determine u(1).
19
Let b(f) = 7*f - 4. Calculate b(3).
17
Let z(j) = 13*j - 253. What is z(19)?
-6
Let x(p) = 9*p - 58. Give x(9).
23
Let p(k) = k + 16. What is p(-13)?
3
Let l(d) = -2*d - 29. Determine l(-14).
-1
Let f(d) = 5*d + 212. Calculate f(-36).
32
Let o(k) = k**3 - 10*k**2 + 7*k + 7. Determine o(9).
-11
Let h(j) = -13*j**2. Give h(1).
-13
Let z(m) = -m**3 + 13*m**2 + 3*m - 34. Calculate z(13).
5
Let l(d) = d**2 + 3*d - 18. What is l(-9)?
36
Let t(r) = -12*r + 51. Calculate t(7).
-33
Let g(l) = 2*l**3 + 17*l**2 - 5*l + 13. Determine g(-9).
-23
Let z(l) = l**3 - 15*l**2 + 35*l + 8. Determine z(12).
-4
Let n(b) = b**3 - 10*b**2 - 53*b - 1. Give n(14).
41
Let m(y) = y**3 + y**2 - 14*y - 27. Give m(-3).
-3
Let p(c) = c**2 + 7*c + 8. Determine p(-6).
2
Let i(x) = 3*x + 56. Calculate i(0).
56
Let a(b) = -b**2 + 2*b + 5. What is a(5)?
-10
Let t(g) = 5*g**2 + g + 17. Calculate t(4).
101
Let j(k) = k**2 - 3*k - 3. Calculate j(10).
67
Let k(r) = r**2 + 19*r - 5. Calculate k(-20).
15
Let z(l) = 7*l + 45. What is z(-5)?
10
Let m(s) = -s - 24. Determine m(-22).
-2
Let g(y) = -2*y**2 - 4*y + 18. Give g(-4).
2
Let p(w) = 188*w - 2. What is p(1)?
186
Let x(z) = z**2 - 6*z - 2. Determine x(8).
14
Let r(m) = -3*m - 9. Determine r(-6).
9
Let j(q) = -q + 1. Calculate j(12).
-11
Let w(j) = j**3 - 11*j**2 + 11*j - 6. Determine w(10).
4
Let u(b) = b**2 - 11*b + 8. Determine u(9).
-10
Let b(t) = -t + 24. What is b(10)?
14
Let r(c) = 2*c**2 - 32*c - 24. Calculate r(17).
10
Let y(m) = -m**3 - 7*m**2 + 7. Determine y(-6).
-29
Let g(j) = 2*j**2 + 5*j - 4. Give g(3).
29
Let r(c) = c + 5. What is r(-10)?
-5
Let n(h) = -h**3 - 6*h**2 + 5*h - 11. Calculate n(-7).
3
Let b(c) = c**3 - 8*c**2 + 10*c + 3. What is b(7)?
24
Let z(u) = u**3 + 11*u**2 + 16*u + 9. Determine z(-9).
27
Let i(j) = j**3 - j + 20. What is i(0)?
20
Let b(g) = g**3 - 15*g**2 - g + 27. Calculate b(15).
12
Let o(l) = -3*l**2 - 37*l - 19. Determine o(-12).
-7
Let z(q) = -q**2 + q + 15. Determine z(0).
15
Let c(f) = -17*f + 51. Determine c(3).
0
Let w(r) = -108*r**2 - 321*r - 2. Determine w(-3).
-11
Let x(h) = h**3 + 3*h**2 + h - 8. What is x(2)?
14
Let c(f) = 2*f**2 - 4*f + 36. Give c(0).
36
Let t(m) = m**2 + 36*m - 37. What is t(1)?
0
Let j(x) = -x + 4. Give j(12).
-8
Let z(v) = v**2 - 2*v - 22. What is z(-4)?
2
Let t(p) = -p**3 - 12*p**2 - 11*p - 9. What is t(-11)?
-9
Let h(g) = g**3 - g**2 - 2*g + 1. D